1812*w + 82627. Give v(7).
-57
Let s(i) = -14*i**3 - i**2 - 39*i - 93. Calculate s(-3).
393
Let o(h) = -3*h**2 + 292*h + 6840. Give o(-20).
-200
Let b(s) = -s**3 - 34*s**2 + 1683*s + 56553. Determine b(-33).
-75
Let o(i) = -12402*i + 235653. Give o(19).
15
Let f(r) = -4831*r - 19116. What is f(-5)?
5039
Let i(a) = -6996*a - 824968. Determine i(-118).
560
Let s(v) = -142*v**3 + 5*v**2 - 515*v + 1017. Calculate s(2).
-1129
Let h(g) = -4*g**3 - 431*g**2 - 322*g - 253. Calculate h(-107).
-146
Let c(q) = 3*q**2 - 35882*q + 1. Give c(0).
1
Let s(a) = -241101*a - 2893203. What is s(-12)?
9
Let z(q) = -2*q**3 + 627*q**2 - 355*q + 13152. Give z(313).
6
Let r(w) = 5*w**3 + 4117*w**2 + 18021*w + 2402. Give r(-819).
-55
Let r(m) = 3*m**3 - m**2 - 2746*m + 5514. Calculate r(2).
42
Let t(a) = -317*a**3 + 41*a + 42. What is t(-1)?
318
Let b(u) = -u**2 + 551*u + 91780. Determine b(-134).
-10
Let n(i) = 41*i**2 + 198*i + 26. Give n(-7).
649
Let g(l) = l**3 + 61*l**2 + 815*l + 89. Calculate g(-19).
-234
Let h(s) = -132*s**2 + 18872*s + 577. Determine h(143).
5
Let j(w) = 51141*w - 613692. Give j(12).
0
Let s(f) = -610*f**3 + 606*f**2 - 4. Calculate s(1).
-8
Let p(f) = 154*f - 5084. Determine p(33).
-2
Let s(z) = -163*z - 18774. Give s(-100).
-2474
Let y(g) = -1053*g - 302203. Give y(-287).
8
Let x(c) = 44*c**3 + 3*c**2 - 98*c + 391. Determine x(4).
2863
Let n(z) = 9*z**3 - z**2 + 238491*z - 476986. What is n(2)?
64
Let o(n) = 347023*n + 19086272. Determine o(-55).
7
Let a(f) = -2*f**2 - 71*f + 152. Give a(-14).
754
Let k(t) = -3*t**3 - 53*t**2 + 454*t + 6480. Give k(-19).
-702
Let h(l) = -1381*l**2 + 20716*l - 19. What is h(15)?
-4
Let j(u) = -4*u**2 + 12814*u - 76744. Calculate j(6).
-4
Let a(s) = -133*s + 8377. Give a(62).
131
Let l(o) = o**3 - 864*o**2 - 28640*o - 28676. Calculate l(896).
-4
Let d(y) = -844*y - 11811. Determine d(-14).
5
Let f(a) = -159962*a - 2719527. Calculate f(-17).
-173
Let d(o) = 117*o**3 - 12*o**2 + 4*o - 4. Give d(1).
105
Let z(s) = -300*s + 3522. What is z(12)?
-78
Let n(q) = 11398*q + 274253. Determine n(-24).
701
Let y(s) = 2*s**3 + 20*s**2 - 124*s - 1006. Calculate y(-10).
234
Let x(p) = -4*p**2 - 210*p + 11048. Determine x(32).
232
Let k(o) = 4*o**2 - 156*o - 1091. Determine k(-7).
197
Let h(w) = -460*w**2 + 91531*w + 1796. Calculate h(199).
5
Let x(l) = -20*l**2 + 194*l - 993. Calculate x(5).
-523
Let d(r) = -r**3 - 6*r**2 + 4153*r + 8322. Determine d(-2).
0
Let w(k) = 10*k**2 - 1009*k + 6327. What is w(94)?
-159
Let g(y) = 11914*y + 83374. Give g(-7).
-24
Let h(w) = 3974*w**3 - 250361*w**2 - 58*w - 320. What is h(63)?
-5
Let w(i) = -138*i - 3874. What is w(-28)?
-10
Let c(x) = x**3 + 71*x**2 - 1652*x + 906. What is c(18)?
6
Let k(h) = -508*h + 225551. Calculate k(444).
-1
Let k(u) = -4*u**3 - 165*u**2 - 39*u - 24. Determine k(-41).
-106
Let w(x) = -621*x + 2547. Determine w(4).
63
Let z(s) = -s**3 - 56*s**2 - 273*s - 6113. Determine z(-53).
-71
Let i(y) = y**2 - 288669*y - 1732058. Calculate i(-6).
-8
Let s(c) = 9100*c - 1865497. Determine s(205).
3
Let u(n) = -25*n**2 + 705*n + 1441. Calculate u(-2).
-69
Let k(q) = -q**3 + 20*q**2 - 54*q - 335. Determine k(8).
1
Let o(h) = -2*h**3 + 222*h**2 + 5198*h - 40. Determine o(-20).
800
Let o(g) = -989*g - 654719. What is o(-662)?
-1
Let x(q) = -35*q**2 + 160*q + 1340. Determine x(-8).
-2180
Let i(d) = 2968*d - 32670. What is i(11)?
-22
Let z(c) = -109*c - 5871. Give z(-42).
-1293
Let p(i) = 8281*i**2 + 24853*i + 27. What is p(-3)?
-3
Let t(i) = i**3 + 9*i**2 - 570*i - 4185. Determine t(-25).
65
Let o(x) = x**2 + 632*x + 38469. Determine o(-69).
-378
Let m(q) = q**2 - 1597*q + 633541. Give m(735).
-29
Let w(j) = -4406*j - 140432. What is w(-32)?
560
Let l(p) = -p**3 - 404*p**2 - 5856*p - 314. Calculate l(-15).
1
Let g(r) = -3*r**3 + 81*r**2 - 220*r - 94. Determine g(24).
-190
Let k(a) = -a**3 - 18*a**2 + 19*a + 1373. Calculate k(-11).
317
Let l(g) = -4*g**2 + 6683*g - 46712. Calculate l(7).
-127
Let r(o) = 4*o**2 + 1086*o + 12113. Give r(-12).
-343
Let a(b) = -b**2 + 100970*b - 6558825. Calculate a(65).
0
Let g(y) = -27*y**3 + 1189*y**2 - 55*y + 224. Calculate g(44).
-260
Let i(x) = -15*x**3 - 16*x**2 + 358*x + 682. Determine i(-2).
22
Let o(z) = 5*z**2 - 917*z + 649. Determine o(176).
-5863
Let c(f) = -f**2 - 999230*f + 3996935. Determine c(4).
-1
Let r(w) = -499*w + 731. What is r(1)?
232
Let c(a) = 965*a - 3805. Give c(5).
1020
Let c(v) = v**3 - 13*v**2 - 798*v + 5001. Give c(6).
-39
Let i(m) = 3*m**3 - 342*m**2 - 580*m + 103836. Determine i(113).
-11
Let o(v) = 156*v**2 - 13863*v - 1879. Determine o(89).
-10
Let x(q) = -2719*q - 1484537. Calculate x(-546).
37
Let b(h) = 3*h**2 - 24306*h + 72887. What is b(3)?
-4
Let m(v) = -3*v**3 - 273*v**2 - 7*v + 125. Give m(-91).
762
Let d(i) = -8962*i - 40043. Determine d(-4).
-4195
Let m(t) = t**3 - 382*t**2 - 7640*t - 393. Give m(-19).
6
Let z(m) = -1293*m + 5193. Give z(4).
21
Let o(a) = -6365*a - 108433. Calculate o(-17).
-228
Let a(y) = -672*y**3 + 3*y**2 - 29*y - 30. Give a(-1).
674
Let l(a) = -a**3 - 42*a**2 - 5650*a - 222777. Give l(-40).
23
Let k(g) = 1232*g + 4941. Determine k(-4).
13
Let w(j) = -j**2 - 38999*j - 77998. Give w(-2).
-4
Let n(l) = -38*l**3 - 157*l**2 + 2361*l + 9421. Give n(-4).
-103
Let i(h) = 10*h**3 - 20*h**2 - 39*h + 134. Determine i(4).
298
Let u(t) = t**3 - 120*t**2 + 3597*t - 17412. What is u(6)?
66
Let c(s) = s**3 - 15*s**2 - 254*s - 204. Determine c(24).
-1116
Let l(c) = 10898*c - 250648. Determine l(23).
6
Let x(s) = 20538*s + 308072. Give x(-15).
2
Let q(m) = -4*m**3 + 586*m**2 - 237*m - 8025. What is q(146)?
5
Let r(z) = z**3 - 348*z**2 + 633*z - 99263. Calculate r(347).
-21
Let i(p) = -12*p**3 - 346*p**2 + 32*p - 133. Determine i(-29).
621
Let z(l) = 33*l**2 + 2385*l + 635. Determine z(-72).
-13
Let k(f) = 1881*f + 26423. Give k(-14).
89
Let q(b) = -8*b**2 + 298*b + 4119. Calculate q(48).
-9
Let l(u) = 5*u**2 - 192*u + 234. Give l(36).
-198
Let t(q) = -8526*q + 68084. What is t(8)?
-124
Let z(r) = 99*r**2 - 706*r + 4. What is z(2)?
-1012
Let m(o) = 11*o**2 + 1436*o - 1437. Give m(1).
10
Let v(q) = 30*q**3 + 280*q**2 + 5*q - 115. Calculate v(-9).
650
Let y(t) = -25921*t + 466583. What is y(18)?
5
Let m(t) = -26944*t + 781374. Determine m(29).
-2
Let c(p) = 9*p**2 - 811*p + 889. Calculate c(89).
-1
Let p(j) = -70*j**3 - 704*j**2 - 34*j + 111. Give p(-10).
51
Let o(s) = 2962*s + 8867. What is o(-3)?
-19
Let w(l) = l**3 - 29*l**2 - 1277*l + 10. Give w(53).
-255
Let p(s) = -42*s**2 - 49*s + 5489. Determine p(-12).
29
Let p(h) = 2*h**3 - 12*h**2 + 147*h - 419. Calculate p(3).
-32
Let s(n) = -n**3 - 147*n**2 - 2240*n - 507. Determine s(-17).
3
Let d(u) = -72*u + 430. Determine d(-7).
934
Let h(y) = 71*y - 24627. Calculate h(347).
10
Let n(o) = 5*o**3 + 23*o**2 - 191*o + 20. What is n(5)?
265
Let d(v) = -v**3 + 43*v**2 + 742*v - 29668. What is d(45)?
-328
Let f(c) = 1271*c**2 + 233862*c - 365. What is f(-184)?
3
Let s(r) = r**3 - 32*r**2 - 80*r + 1567. Calculate s(17).
-4128
Let y(m) = -190*m + 7251. Calculate y(38).
31
Let v(q) = -6385*q - 976903. What is v(-153)?
2
Let n(s) = -16*s**2 - 101*s + 370. Calculate n(4).
-290
Let a(g) = -642*g - 1463. Determine a(-2).
-179
Let n(k) = -1316*k + 67082. Give n(49).
2598
Let u(q) = -q**3 - 11*q**2 - 10786*q - 185103. Determine u(-17).
-7
Let z(v) = 225*v**2 - 6111*v + 33. Calculate z(27).
-939
Let m(g) = -730*g - 16968. Determine m(-23).
-178
Let t(b) = -2*b**2 + 2854*b - 102853. Calculate t(37).
7
Let f(m) = -14103*m + 42024. Determine f(3).
-285
Let b(k) = k**2 + 3713*k - 986547. What is b(249)?
-9
Let f(i) = 1994*i + 6039. Calculate f(-3).
57
Let i(l) = l**2 - 129*l + 6968. Determine i(58).
2850
Let m(z) = -15759*z**2 + 31482*z + 20. What is m(2)?
-52
Let b(h) = h**3 + 25*h**2 - 574*h - 14255. Give b(-24).
97
Let m(w) = -w**3 - 46*w**2 - 102*w + 509. What is m(-43)?
-652
Let l(s) = -s**3 + 7*s**2 + 919*s - 13047. What is l(16)?
-647
Let v(t) = 42062*t - 210306. Determine v(5).
4
Let z(t) = -4*t**2 + 66*t + 277. Calculate z(-5).
-153
Let g(j) = j**3 - 6*j**2 + 351*j - 55. Calculate g(7).
2451
Let g(v) = -12*v**2 - 353*v + 13215. Calculate g(-51).
6
Let p(f) = 2*f**3 - 29*f**2 - 83*f + 1415. Determine p(9).
-223
Let m(w) = 72*w - 2960. Give m(42).
64
Let k(j) = 94*